{"id":2,"date":"2024-09-11T14:19:41","date_gmt":"2024-09-11T14:19:41","guid":{"rendered":"https:\/\/roslinfarma.com\/?page_id=2"},"modified":"2025-09-25T14:01:36","modified_gmt":"2025-09-25T14:01:36","slug":"index","status":"publish","type":"page","link":"https:\/\/roslinfarma.com\/","title":{"rendered":"Roslin Farma"},"content":{"rendered":"<div class=\"wpb-content-wrapper\"><p>[vc_row full_width=\u00bbstretch_row_content_no_spaces\u00bb full_height=\u00bbyes\u00bb columns_placement=\u00bbtop\u00bb equal_height=\u00bbyes\u00bb rtl_reverse=\u00bbyes\u00bb content_placement=\u00bbtop\u00bb parallax=\u00bbcontent-moving-fade\u00bb css_animation=\u00bbfadeInUp\u00bb css=\u00bb.vc_custom_1758808683650{margin-top: 0px !important;margin-right: 0px !important;margin-left: 0px !important;border-top-width: 0px !important;border-right-width: 0px !important;border-left-width: 0px !important;padding-top: 0px !important;padding-right: 0px !important;padding-left: 0px !important;}\u00bb][vc_column parallax=\u00bbcontent-moving-fade\u00bb css_animation=\u00bbfadeIn\u00bb css=\u00bb.vc_custom_1754511912724{margin-top: 0px !important;margin-right: 0px !important;margin-left: 0px !important;border-top-width: 0px !important;border-right-width: 0px !important;border-left-width: 0px !important;padding-top: 0px !important;padding-right: 0px !important;padding-left: 0px !important;background-color: #FFFFFF !important;border-color: #FFFFFF !important;}\u00bb][vc_single_image image=\u00bb31&#8243; img_size=\u00bbFULL\u00bb alignment=\u00bbcenter\u00bb css=\u00bb.vc_custom_1754511941945{margin-top: 0px !important;margin-right: 0px !important;margin-bottom: 0px !important;margin-left: 0px !important;border-top-width: 0px !important;border-right-width: 0px !important;border-bottom-width: 0px !important;border-left-width: 0px !important;padding-top: 0px !important;padding-right: 0px !important;padding-bottom: 0px !important;padding-left: 0px !important;}\u00bb][\/vc_column][\/vc_row][vc_row][vc_column][vc_column_text css=\u00bb\u00bb]En <em><strong>Roslin Farma C.A<\/strong><\/em>., creemos en el poder de la ciencia al servicio del campo. Somos una empresa dedicada a la medicina veterinaria pecuaria, enfocada en la salud animal, la prevenci\u00f3n de enfermedades y el acompa\u00f1amiento t\u00e9cnico del productor. Nuestro nombre rinde homenaje a Roslin, el lugar donde naci\u00f3 Dolly, la primera oveja clonada, s\u00edmbolo de un antes y un despu\u00e9s en la ciencia animal. As\u00ed como ese momento marc\u00f3 la historia, queremos marcar la diferencia en el d\u00eda a d\u00eda del campo.[\/vc_column_text][\/vc_column][\/vc_row][vc_row][vc_column][vc_single_image image=\u00bb79&#8243; img_size=\u00bbfull\u00bb alignment=\u00bbcenter\u00bb css_animation=\u00bbfadeIn\u00bb css=\u00bb.vc_custom_1754579614480{margin-top: 0px !important;margin-right: 0px !important;margin-bottom: 0px !important;margin-left: 0px !important;border-top-width: 0px !important;border-right-width: 0px !important;border-bottom-width: 0px !important;border-left-width: 0px !important;padding-top: 0px !important;padding-right: 0px !important;padding-bottom: 0px !important;padding-left: 0px !important;}\u00bb][\/vc_column][\/vc_row][vc_row][vc_column][vc_separator border_width=\u00bb2&#8243; css=\u00bb\u00bb][\/vc_column][\/vc_row][vc_row][vc_column width=\u00bb1\/2&#8243;][vc_column_text css=\u00bb\u00bb]<\/p>\n<h1><em><b>Valores<\/b><\/em><\/h1>\n<p>[\/vc_column_text][vc_column_text css=\u00bb\u00bb]<\/p>\n<ul>\n<li><strong>Cercan\u00eda:<\/strong> Escuchamos y trabajamos mano a mano con el productor.<\/li>\n<li><strong> Innovaci\u00f3n:<\/strong> Nos inspira la ciencia y su capacidad de transformar realidades.<\/li>\n<li><strong>Compromiso:<\/strong> Damos lo mejor para proteger la vida animal y apoyar la producci\u00f3n.<\/li>\n<li><strong>Confianza:<\/strong> Creamos relaciones s\u00f3lidas, con \u00e9tica y responsabilidad.<\/li>\n<li><strong>Calidad:<\/strong> Nuestros productos cumplen con altos est\u00e1ndares y rigurosos controles.<\/li>\n<\/ul>\n<p>[\/vc_column_text][\/vc_column][vc_column width=\u00bb1\/2&#8243;][vc_single_image image=\u00bb83&#8243; img_size=\u00bbFULL\u00bb alignment=\u00bbcenter\u00bb css_animation=\u00bbfadeIn\u00bb css=\u00bb\u00bb][\/vc_column][\/vc_row][vc_row][vc_column][vc_separator border_width=\u00bb2&#8243; css=\u00bb\u00bb][\/vc_column][\/vc_row][vc_row][vc_column width=\u00bb1\/2&#8243;][vc_single_image image=\u00bb85&#8243; img_size=\u00bbFULL\u00bb alignment=\u00bbcenter\u00bb css_animation=\u00bbfadeIn\u00bb css=\u00bb\u00bb][\/vc_column][vc_column width=\u00bb1\/2&#8243;][vc_column_text css=\u00bb\u00bb]<\/p>\n<h1><em><b>Compromiso<\/b><\/em><\/h1>\n<p>[\/vc_column_text][vc_column_text css=\u00bb\u00bb]Nuestro compromiso es con el campo. En Roslin Farma C.A. trabajamos para que cada vacuna, cada tratamiento y cada producto veterinario sea una herramienta real en manos del productor. Apostamos por un campo m\u00e1s saludable, m\u00e1s productivo y preparado para los retos del futuro.[\/vc_column_text][\/vc_column][\/vc_row]<\/p>\n<\/div>","protected":false},"excerpt":{"rendered":"<p>[vc_row full_width=\u00bbstretch_row_content_no_spaces\u00bb full_height=\u00bbyes\u00bb columns_placement=\u00bbtop\u00bb equal_height=\u00bbyes\u00bb rtl_reverse=\u00bbyes\u00bb content_placement=\u00bbtop\u00bb parallax=\u00bbcontent-moving-fade\u00bb css_animation=\u00bbfadeInUp\u00bb css=\u00bb.vc_custom_1758808683650{margin-top: 0px !important;margin-right: 0px !important;margin-left: 0px !important;border-top-width: 0px !important;border-right-width: 0px !important;border-left-width: 0px !important;padding-top: 0px !important;padding-right: 0px !important;padding-left: 0px !important;}\u00bb][vc_column parallax=\u00bbcontent-moving-fade\u00bb css_animation=\u00bbfadeIn\u00bb css=\u00bb.vc_custom_1754511912724{margin-top: 0px !important;margin-right: 0px !important;margin-left: 0px !important;border-top-width: 0px !important;border-right-width: 0px !important;border-left-width: 0px !important;padding-top: 0px !important;padding-right: 0px !important;padding-left: 0px !important;background-color: #FFFFFF !important;border-color: #FFFFFF !important;}\u00bb][vc_single_image image=\u00bb31&#8243; img_size=\u00bbFULL\u00bb&#8230;<\/p>\n","protected":false},"author":1,"featured_media":0,"parent":0,"menu_order":0,"comment_status":"closed","ping_status":"closed","template":"","meta":{"_kadence_starter_templates_imported_post":false,"_kad_post_transparent":"default","_kad_post_title":"default","_kad_post_layout":"fullwidth","_kad_post_sidebar_id":"","_kad_post_content_style":"default","_kad_post_vertical_padding":"top","_kad_post_feature":"","_kad_post_feature_position":"","_kad_post_header":false,"_kad_post_footer":false,"footnotes":""},"class_list":["post-2","page","type-page","status-publish","hentry"],"_links":{"self":[{"href":"https:\/\/roslinfarma.com\/index.php\/wp-json\/wp\/v2\/pages\/2","targetHints":{"allow":["GET"]}}],"collection":[{"href":"https:\/\/roslinfarma.com\/index.php\/wp-json\/wp\/v2\/pages"}],"about":[{"href":"https:\/\/roslinfarma.com\/index.php\/wp-json\/wp\/v2\/types\/page"}],"author":[{"embeddable":true,"href":"https:\/\/roslinfarma.com\/index.php\/wp-json\/wp\/v2\/users\/1"}],"replies":[{"embeddable":true,"href":"https:\/\/roslinfarma.com\/index.php\/wp-json\/wp\/v2\/comments?post=2"}],"version-history":[{"count":38,"href":"https:\/\/roslinfarma.com\/index.php\/wp-json\/wp\/v2\/pages\/2\/revisions"}],"predecessor-version":[{"id":104,"href":"https:\/\/roslinfarma.com\/index.php\/wp-json\/wp\/v2\/pages\/2\/revisions\/104"}],"wp:attachment":[{"href":"https:\/\/roslinfarma.com\/index.php\/wp-json\/wp\/v2\/media?parent=2"}],"curies":[{"name":"wp","href":"https:\/\/api.w.org\/{rel}","templated":true}]}}